.
-6
Suppose 7*p = 28 + 182. Let i be (1*-9)/(p/(-20)). Suppose 0 = 4*o - a + 30, -o - 3*a - 13 = -i*a. Let u(j) = -j. Give u(o).
7
Let y be (-21)/(1617/11) + (-30)/(-14). Suppose -4*t = -0*t + 4*d - 8, 16 = -2*t + 3*d. Let a be -4 + (y - t - 0). Let b(v) = v + 5. Calculate b(a).
5
Let u(y) be the first derivative of 12*y - 5/2*y**2 - 56. Calculate u(5).
-13
Let a = 2 - 1. Let j(t) be the second derivative of -5*t**4/12 + t**3/6 + 131*t**2/2 - t - 21. Let q(p) be the first derivative of j(p). Calculate q(a).
-9
Let q(m) be the second derivative of m**6/180 + 9*m**5/40 + 8*m**4 - 25*m + 3. Let o(t) be the third derivative of q(t). Calculate o(-7).
-1
Let v(y) = 7*y - 3. Let t(a) be the third derivative of 1/6*a**4 + 0*a + 0 - 1/3*a**3 + 25*a**2. Let j(u) = 5*t(u) - 3*v(u). Calculate j(3).
-4
Let y(n) = n + 2. Let d be y(-6). Let v(b) be the first derivative of 1/2*b**2 + 1/3*b**3 - 5*b - 154. Calculate v(d).
7
Let g(o) = 191 + 32*o**2 + 31*o**2 - 10*o**2 - 191. Determine g(-1).
53
Suppose -3*i = -3*j - 76 + 10, 0 = i - 1. Let x = -9 - j. Suppose -x = p + 4*s + 2, 0 = 4*p - 5*s + 14. Let m(b) = -b**3 - 7*b**2 - 7*b - 5. Calculate m(p).
1
Suppose 6 = -4*m + 2*g - 2, -3*g + 12 = 5*m. Suppose -54*h + 28*h + 27*h = m. Let u(c) = -c**3 - c**2 + c + 24. Give u(h).
24
Let y(j) = 17*j + 29. Let n(t) = -29*t - 53. Let k(s) = -10*n(s) - 18*y(s). What is k(-4)?
72
Let o(q) be the second derivative of q**4/12 - 9*q**2 + 2554*q - 2. Suppose 0 = 2*g - g. What is o(g)?
-18
Let d(z) = -z - 6. Suppose 252 = -3*r - 3*p, 2*r + 6*p - 11*p + 182 = 0. Let j be (129/r)/(-2*(-3)/(-32)). Determine d(j).
-14
Let h = 13178 + -13164. Let x(y) = y**2 - 10*y - 17. Calculate x(h).
39
Let j(b) = -2*b**2 - 70*b - 85. Suppose 1142*r - 1164*r = 748. Determine j(r).
-17
Let f(r) be the first derivative of -r**3/3 + 5*r**2/2 - 6*r + 3168. Give f(-5).
-56
Let s(w) = w - 6. Suppose 26*c - 32*c + 60 = 0. Let i(m) = 6 - 4 - 4 + 2*m - 14. Let p be i(c). Give s(p).
-2
Let j(c) = -32*c**3 + 8*c**2 + 5*c - 1. Let b(i) = 32*i**3 - 9*i**2 - 6*i + 1. Let r(v) = -6*b(v) - 7*j(v). What is r(1)?
32
Suppose -6*k + 7 = -17. Let o(u) = 7903*u - 7908*u - 4 - k. What is o(-7)?
27
Suppose 4*g = -5*j + 210, 165 = 5*j + 15*g - 20*g. Let b(c) = -j*c**2 + c**3 - 2*c**3 - c + 69*c**2 - 36*c**2. What is b(-3)?
-15
Let u(x) be the first derivative of -x**3/3 + 7*x**2/2 + 14. Let v be u(7). Suppose v = -m - 5, 5*m + 0*m + 34 = -3*l. Let n(q) = 3*q + 2. What is n(l)?
-7
Let r be 2/4*(0 + 0/(-1)). Suppose 2*a + 3*j - 39 = 4*a, r = -a - 3*j - 42. Let f = a + 22. Let x(g) = -g**2 - 8*g - 6. Determine x(f).
9
Suppose 3*g + 2*v - 3*v = 28, -g = -5*v + 14. Let h(f) = 9 - 12 + 9*f + g*f - 19*f - f**2. Calculate h(-2).
-9
Let l(v) = -14*v - 55. Let h = 36856 - 36860. Give l(h).
1
Let n(t) be the first derivative of 26*t**3/3 - 2*t**2 - t - 2945. Calculate n(-1).
29
Let u(v) be the second derivative of v**4/12 + 4*v**3/3 + 3*v**2/2 - 2*v. Suppose 47*h + 317 + 340 = -26*h. Determine u(h).
12
Let y(b) be the third derivative of -b**8/2240 - b**7/2520 + 7*b**5/60 - 3*b**2 + 9. Let m(s) be the third derivative of y(s). Calculate m(-1).
-7
Let v(u) = -u - 4. Suppose -5*a + 3 + 22 = 0. Suppose 5*l + a*r + 55 = 0, 0 = -2*l - 5*r + 6*r - 10. What is v(l)?
3
Let z(i) = 47*i**2 - 26*i - 3. Let y(v) = 21*v**2 - 12*v - 2. Let k(m) = 9*y(m) - 4*z(m). Determine k(5).
-1
Let b(w) = -w**2 - 20*w - 53. Let g(r) = 2*r**3 + 18*r**2 - 40*r + 27. Let d be g(-11). Determine b(d).
-2
Suppose 57 = 6*k + 93. Let y(u) be the second derivative of -u**5/20 - 7*u**4/12 - 3*u**3/2 - 3*u**2/2 - 7*u + 3. Determine y(k).
15
Let q(b) = -8*b - b**2 - 2*b**2 - 4*b**2 + 0*b**3 + 6 + 2*b**3 - b**3. Let d = -4 - 6. Let p(w) = -w**3 - 11*w**2 - 12*w - 12. Let f be p(d). What is q(f)?
6
Let s(f) = -3*f**2 + 13*f + 11. Let u(c) = 10*c**2 - 44*c - 33. Let y(t) = -7*s(t) - 2*u(t). Determine y(6).
7
Let d(u) = 6*u**3 + 2*u**2 + 6*u - 6. Let a be 2/((-2 - 3)/10). Let s(l) = 5*l**3 + 3*l**2 + 5*l - 4. Let r(w) = a*d(w) + 5*s(w). Give r(-7).
-3
Suppose -5*z = -25, -4*u - 39 = -6*u - 5*z. Let b(a) = a**2 - 24*a + 122. Give b(u).
3
Let q = -651 - -1004. Let k = -353 + q. Let d(m) = -m**3 - m**2 - 2. Determine d(k).
-2
Let k be ((-28)/7)/(-2) - 551. Let n = 558 + k. Let h(s) = -2*s + 21. Determine h(n).
3
Suppose 4*v - 16 = 0, 3*j = -j - v + 200. Let p(m) = 101 - 51 - j + 2*m. What is p(1)?
3
Let m(g) = 9*g - 2. Suppose 2*a + 5*r = -3*a, 6 = -a + 5*r. Let w(z) = -2*z + 1. Let l(y) = a*m(y) - w(y). Calculate l(-1).
8
Let n(c) = 15 - 119 + 88 + c + 7. Calculate n(-7).
-16
Let b(o) = -o**3 + 12*o**2 + 13*o - 5. Let a(n) be the first derivative of n**4/2 + 16*n**3/3 - 2*n**2 - 19*n - 183. Let l be a(-8). Calculate b(l).
-5
Let p(b) be the third derivative of b**6/120 + b**5/15 + b**4/24 - b**3/3 + 12*b**2. Suppose -1200 = 192*i + 108*i. Determine p(i).
-6
Let r(f) = -f - 8. Let m(j) = -2*j**2 - 3 + 13*j - 3 - 1 + 3. Let x be m(7). Calculate r(x).
3
Suppose 4*f = -5*i - 68 + 135, 0 = -4*f - 2*i + 46. Let l(n) = 60*n - 473. What is l(f)?
7
Let l(s) = -8*s**2 - 7. Let k(c) = c**2 + c + 1. Let j(h) = -4*k(h) - l(h). Suppose 5*y - 4*q = -532, 4*q = -5*y + 2*q - 544. Let d = -106 - y. Give j(d).
11
Let d(u) = -11*u + 456 + 460 + 459 - 1362 - 2*u**2. Determine d(-6).
7
Let q(w) = 3*w + 17081*w**2 - 4*w + 0*w - 17087*w**2. Calculate q(-1).
-5
Let a(g) = 237*g**2 - 6*g - 5 - 232*g**2 - 2. Let f(u) = 3*u**2 - 3*u - 4. Let q(z) = -4*a(z) + 7*f(z). Give q(-5).
10
Let b(w) be the second derivative of w**3/3 - 7*w**2/2 + w. Let t be (-4 - 1)*2/((-40)/(-28)). Let a be -2 + (4 - (-2 - t)) - -8. Give b(a).
3
Let k(y) = 4*y + 10*y**3 + 112954 - 5*y - 112955. Determine k(-1).
-10
Let p(m) = m**2 + 8*m + 10. Let y be 110/2145 - (-392)/(-39). What is p(y)?
30
Let u = -6167 + 6170. Let a(y) = -4*y + 2. What is a(u)?
-10
Let v(x) = -217 + 6*x**2 + x**3 + 6*x - 234 + 447. Give v(-3).
5
Let m be (-3)/42*2 + (-1000)/(-140). Let l(p) = 4*p - 14. Calculate l(m).
14
Let f(x) = x**3 + 8*x**2 + 22*x + 67. Suppose 0 = -b - 219 + 213. Determine f(b).
7
Let z(y) = -y**2 - 9*y - 6. Let u be (-5 - (4 - 5))*(-6 - 1). Suppose -6*j + 10*j + u = 0. What is z(j)?
8
Let s be (-16)/3 - (-10)/(-15). Let z(u) = -u**2 - 134 + 274 - 3*u - 133. Give z(s).
-11
Let k(s) = 22498*s + 7*s**2 - 22492*s + s**3 + 4 - 12*s**2. Determine k(4).
12
Let d(m) = m**2 + 5*m + 5. Let j be d(-5). Suppose 20 = -j*p, -2*y - 3*p = 2*p - 106. Let c(b) = -130*b + y*b + 65*b - 3. Calculate c(-4).
5
Let d(y) = 2*y - 2. Suppose -27*t + 28*t + 4203 = -3*p, -t + 1397 = -p. Let c be 10/(-45) - (p/36)/(-5). What is d(c)?
-18
Let s = -2 - -4. Let j(a) = 2 + 3973*a**2 - 11944*a**2 + 3994*a**2 + 3*a**3 + 3980*a**2 - 4*a. Calculate j(s).
30
Let l(z) be the third derivative of 11*z**6/120 + z**5/120 + 26*z**3/3 + 5*z**2 - z. Let b(n) be the first derivative of l(n). Calculate b(1).
34
Let k(w) be the third derivative of -w**8/20160 + w**7/1008 - w**6/120 - 13*w**5/15 + w**4/24 + 107*w**2. Let a(s) be the third derivative of k(s). Give a(5).
-6
Suppose o + 18 = 4*m, m + 2*o - 14 = -m. Suppose 19*l + 138 - m = 0. Let j(x) = -x**2 - 9*x - 10. Calculate j(l).
4
Let c be -6*(5 - (-33)/(-6)). Let w(m) = 99*m - 1 + 4*m**2 - c + 0*m**2 - 104*m - m**3 + 2*m**2. What is w(5)?
-4
Let h = 785 - 783. Let r(u) = -1192 - h*u + 1193 + 6*u. What is r(-7)?
-27
Let h(a) = -a**3 - 7*a**2 + 3*a + 3. Let f = -551 + 998. Let t = f - 454. Give h(t).
-18
Let x = 79 + -67. Suppose 3*l + 0 = x. Suppose -2*d + 3*d - 8 = -o, 0 = -l*d + 4*o. Let f(w) = w**2 - 3*w - 3. Give f(d).
1
Let j(u) be the third derivative of u**6/120 - 7*u**5/60 - 7*u**4/12 + 26*u**3/3 - 40*u**2 - 30*u. Give j(8).
4
Suppose 37*o - 36 = 33*o. Let j be (-100)/(-125) - o/5. Let q(y) = 12*y - 1. Determine q(j).
-13
Let x(y) = 4*y - 114. Let s be x(29). Let b(r) = 36*r**2 - 2 - 16*r**s - r**3 - 21*r**2 - 2*r. What is b(-2)?
6
Let z(q) be the second derivative of -q**5/20 + q**4/4 + 3*q**3/2 - 9*q**2/2 - 400*q. Give z(5).
-14
Let j = 188 - 192. Let q(f) = -3*f**3 - 5*f**2 + 14*f - 16. Let b(a) = -a**3 - 2*a**2 + 5*a - 6. Let v(l) = j*q(l) + 11*b(l). What is v(2)?
-4
Let k(z) = -5*z - 8*z**2 - 2*z**3 + 15 - 5 + z**3. Suppose 4*y - u - 3123 = 0, -y - 4*u + 785 = -0*y. Suppose 711 = 10*h + y. Give k(h).
-4
Suppos